it of u(0)?
9
Let q = -30 - -82. What is the tens digit of q?
5
Let n(v) = -v**2 + 9. Let u be n(0). Let q be (-2)/(-5) + (-16)/(-10). Suppose q*k - u = -k. What is the units digit of k?
3
Suppose -189 = -2*l - 5*x, 0 = -3*x - 2*x - 15. What is the hundreds digit of l?
1
Suppose 0 = -3*c - 0*c + 537. Suppose 66 + c = 5*x. What is the tens digit of x?
4
Suppose -201 = -2*k - 5*m, -6*k + 2*k - 5*m = -387. What is the units digit of k?
3
Let a(k) = k**3 + 10*k**2 - 10*k + 10. What is the hundreds digit of a(-10)?
1
Let n = -15 - -42. Let z = n + -4. What is the units digit of z?
3
Suppose 14 + 14 = 4*k. Suppose -4*l = -2*u + 9 + k, 3*u - 24 = -4*l. What is the units digit of u?
8
Suppose -3*b = -0*b - 270. Suppose -4*d + b = 5*h, -2*h = 2*d - 6*d + 104. What is the units digit of d?
5
Let s(g) = 23*g + 4*g**3 - 19*g - 11 + 9*g**2 - 3*g**3. What is the tens digit of s(-8)?
2
Suppose 81 + 30 = 3*v. Suppose -2*y - 3*y + 56 = w, -5*y - v = -2*w. What is the tens digit of w?
3
Let w be -1 + (2 - 21)*-1. Suppose 21 = 2*g - 2*d + 3*d, 5*g - 54 = -3*d. Let h = w - g. What is the units digit of h?
9
Let r(u) be the first derivative of u**3/3 + 3*u**2/2 - 6*u - 2. Let q be r(4). What is the units digit of 3/2*q/3?
1
Let m(k) = -2*k + 7. Let a be m(6). Let s be 7146/21 - (-4)/(-14). What is the tens digit of (-2)/a + s/25?
1
Let p = -35 - -46. Suppose 2*j - 10 = 3*s, 5*j + 7*s = 3*s + 48. Let f = p - j. What is the units digit of f?
3
Let q = 0 + 38. What is the units digit of q?
8
Suppose s - 3*w - 11 = 0, -2*w = -s - 0*w + 9. Let d(o) = o - 4. Let q be d(s). Suppose -a + 8 = -q. What is the units digit of a?
9
Suppose 3*o + 15 = 4*o. Let q be -8*(-4)/(-8) + 7. Suppose -25 = -q*a - f - f, -o = 2*a - 5*f. What is the units digit of a?
5
Let r(o) = -o**3 + 18*o**2 - 15*o - 25. What is the units digit of r(17)?
9
What is the units digit of -605*(-2)/18 - (-2)/(-9)?
7
Let q(l) = 315*l + 115. Let j(s) = 79*s + 29. Let f(a) = -25*j(a) + 6*q(a). Let z(p) = -5*p - 2. Let m(d) = -2*f(d) + 35*z(d). What is the tens digit of m(-2)?
1
What is the tens digit of 2/(-3) - 113/(-3)?
3
Let h(z) = z**3 + 2*z**2 - 2*z + 3. Let s be h(-3). Let w(i) = i**2 - i + 30. Let n be w(s). Let d = n - 17. What is the tens digit of d?
1
Let z(k) = 5*k - 8. What is the units digit of z(6)?
2
Suppose 2 = 2*s - 88. What is the tens digit of s?
4
What is the units digit of 1525/35 - 4/7?
3
Let y(j) = j + 1. Let m be y(2). What is the units digit of (0 - (4 - m)) + 28?
7
Suppose 4*l - 2*b + 62 = 0, 23 + 21 = -3*l + 2*b. What is the units digit of (-4)/l + (-172)/(-36)?
5
Let g(m) = -m**2 - 4*m + 7. Let p be g(-5). Suppose -p*z + 7*z = 90. What is the units digit of z?
8
Let u(d) = -d**3 + 3*d**2 + 4*d + 3. Let f be u(4). Let o(a) = a**2 + 2*a - 4. Let t be o(-4). Suppose 2*q = f*q - t. What is the units digit of q?
4
Let p(c) be the first derivative of -c**4/2 - 4*c**3/3 - c**2/2 + 2*c - 1. Suppose n + 4*n = -20, -4*u = -2*n. What is the units digit of p(u)?
4
Suppose -30*f = -24*f - 828. What is the tens digit of f?
3
Let a(u) = -8*u**2 + 12*u**2 - 4 + 3. Suppose 2*k = 6*k - 8. What is the units digit of a(k)?
5
What is the units digit of (-3 + -2 - -3) + 7?
5
Let f = 34 + 20. What is the tens digit of f?
5
Let j = -17 - -19. Suppose 56 = 2*v - 4*b + 5*b, 0 = 4*v - j*b - 128. What is the units digit of v?
0
Let r(w) = w**2 - 6*w - 9. Let b = 43 + -11. Suppose -q + b = 3*q. What is the units digit of r(q)?
7
Suppose -6*w + 5*w = -5. Suppose 5*o = 0, -3*k - w*o - 14 - 10 = 0. Let n(p) = -p - 2. What is the units digit of n(k)?
6
Suppose 0 = 4*b - 3*c - 31, -2*c + 1 = 5*b - 9. Suppose -b*u - 5*v = -23, -3*u + 3*v + v + 56 = 0. What is the tens digit of u?
1
Let q(w) = 3*w. What is the units digit of q(5)?
5
Let g = 38 - -114. What is the units digit of g?
2
Suppose -636 = -7*o + 64. What is the tens digit of o?
0
Let r = -9 - -7. Let o be (-99)/r + 4/8. What is the units digit of o/6 - 4/(-6)?
9
Let v(w) = 2*w**3 - 7*w - 2. Let d be v(-4). Let x = -60 - d. What is the units digit of x?
2
Let u be -5*3/(30/(-4)). Suppose -f = 2*h - 16, -u*f + 38 = h + 4*h. What is the units digit of h?
6
Suppose 4*k = 5*q + 5, -2*k = -2*q + 6*q + 4. Let l be 1 + -2 + -5 + k. What is the units digit of (16/l)/((-6)/9)?
4
Let t(g) = g**3 + 8*g**2 + 6*g - 5. What is the tens digit of t(-5)?
4
Let y be 1*(4 - 2) - -7. Suppose 2*k = -k + y. Suppose -2*o + x + x = 4, o = -k*x + 10. What is the units digit of o?
1
Suppose -v = -60 + 9. What is the units digit of v?
1
Let v(j) = 2*j - 2. Let z be v(3). Suppose -24 = -3*l - z*i, -6 = l - 5*i + 5. Let d = l + -3. What is the units digit of d?
1
Let r(d) = -53*d + 3. What is the tens digit of r(-2)?
0
Suppose -3*f = -o - 8, -5*f - o + 36 = 3*o. Suppose -w + 9 = -f. What is the tens digit of w?
1
Let w(s) = 2*s - 10. Let y be 10 + 1*(0 + 3). What is the units digit of w(y)?
6
Let t(y) be the third derivative of 1/60*y**6 + 2*y**2 + 1/60*y**5 + 0 + 0*y - 1/6*y**4 + 1/2*y**3. What is the units digit of t(2)?
5
Let a = 16 + 2. Let s = a - -5. What is the tens digit of s?
2
Let a be 1 - (-3 - 14 - -2). Let w be 2/((a/86)/(-4)). Let c = 61 + w. What is the tens digit of c?
1
Let p(j) = j**3 - 5*j**2 + 4*j + 5. Let q be p(6). Suppose z = 6*z - q. What is the units digit of z?
3
Let y(m) = 5*m**2 + m. What is the hundreds digit of y(-5)?
1
Let y be (-1 - -2) + 3/3. Suppose -d + 10 - 7 = 0. Suppose -4*n = y*u - 40, d*u = n + 6 - 2. What is the units digit of n?
8
What is the units digit of ((-7)/14)/((-1)/8)?
4
Let o = -214 + 314. What is the hundreds digit of o?
1
Let q(z) = -z**2 - 6*z + 7. Let c be q(-7). Suppose c*d + 3*w - 36 = -d, -2*d + 52 = -4*w. What is the units digit of d?
0
What is the units digit of 1 - -2 - (1 - 36)?
8
Let m = 11 - 10. Let g be (-2 + m)/1 + 9. What is the units digit of 4/g + (-13)/(-2)?
7
Suppose o + 0*o = 272. What is the units digit of o?
2
Let r(h) = -13*h + 2. What is the tens digit of r(-4)?
5
Suppose 0 = -2*h - 2*w + 396, -2*h + 11*w + 410 = 6*w. What is the units digit of h?
0
Suppose -x - 149 = -5*h - 3*x, 0 = 4*h + 5*x - 126. Let b = -10 + h. What is the units digit of b?
9
Let b(u) = -u + 2*u**2 - 3*u**2 + 0*u. Let d be b(0). What is the units digit of (d - 0) + 5/1?
5
Let c(i) = -i**3 - 6*i**2 + 7*i - 1. Let g be c(-7). What is the units digit of (-3 + 0 + -6)*g?
9
Suppose -4*n + x + 705 = 0, 0*n + 3*n - 3*x = 540. What is the hundreds digit of n?
1
Suppose -4*x + 3*a - 2*a = -364, 0 = 5*x + 3*a - 472. What is the tens digit of x?
9
Suppose 0 = -3*i + 165 - 39. What is the units digit of i?
2
Let j be (1 - (-2 + 1)) + 158. Let p = j - 101. Suppose 31 = 5*o - p. What is the units digit of o?
8
Let q = 31 + 25. What is the units digit of q?
6
Let t = -3 + 8. Let j = 8 + t. What is the units digit of j?
3
Let u = -58 + 91. What is the units digit of u?
3
Suppose -3*t - 5*m = -209, -5*t - 3*m + 139 = -3*t. Suppose -8 = -2*s + t. What is the units digit of s?
8
Let x(p) = p - 7. Let a be x(5). What is the units digit of a/(-10)*2*50?
0
Let q(y) = -y**3 - 5*y**2 - 3*y + 3. Let m be q(-4). What is the units digit of m/((-3)/90) - -3?
3
Suppose -b + 2 = -15. What is the units digit of b?
7
Let t = 45 + -31. Suppose -2*h - 2*g + 16 = 0, -4*h + g + g = -t. Suppose -4*l = h*y - 68, 1 = 3*l - 3*y - 23. What is the units digit of l?
2
Let n(p) = -p**3 - 7*p**2 + 12*p + 7. Let m be n(-8). Let o = m - -49. What is the units digit of o?
4
Let a be -20*(-1)/5*2. What is the units digit of (-5 - a)*(-1)/1?
3
Suppose -2*q = -2 - 10. Suppose -2*v = -q - 14. What is the tens digit of v?
1
Let f be -2 + 0 - 0/(-4). What is the units digit of (1 - -3)/(f/(-4))?
8
Let l = -22 - -17. Let z = l + 15. What is the units digit of z?
0
Let n(o) = 5*o**2 - o + 1. Let h be n(1). Let q(b) = b**2 - 3*b - 6. What is the units digit of q(h)?
4
Let c = -18 + 65. What is the tens digit of c?
4
Let n = -30 + 66. Let i be n/10 + 4/10. Suppose -i*s + 0*s + 3*b + 27 = 0, -5*s = -2*b - 25. What is the units digit of s?
3
Let a be (-2)/(-5) + 58/5. Suppose -5*q - a = -q. What is the units digit of 14 - (q - (-2 - 0))?
5
Suppose 0 = 5*q - 5*m, -14 - 4 = -5*q - m. Let c = q - -11. Let k = c + 3. What is the units digit of k?
7
Let v = -7 - -59. What is the units digit of v?
2
Le